third derivative of -v**5/60 - 7*v**4/24 - 5*v**3/6 + 2*v**2. Let i be l(-6). Let t(o) = -6*o - 1. What is t(i)?
-7
Suppose l + 8 = 3*o, -o + 14 + 2 = 3*l. Suppose o*b = 1 + 11. Let c(z) = -z**3 + 3*z**2 - 3*z. Determine c(b).
-9
Suppose h = 3*h. Suppose h = -4*u + 5 + 11. Let a(m) = -m - 2*m + u + 0*m + 6*m. Calculate a(-5).
-11
Let l = -4 + 8. Let r(c) = -2 + 4*c**3 - 3*c**3 - 3 - l*c**2 + c. What is r(4)?
-1
Let i(u) = 3*u - 4. Suppose 8 = 5*g - 17. Let j be 1/((15/9)/g). Suppose -j*c + 24 = 4*y, c + 15 = 4*c + y. Give i(c).
8
Suppose 3*v - 10 = 8. Let y(n) = -n**2 + 6*n - 8. Determine y(v).
-8
Let r(h) = h**2 + 3*h - 4. Let x(n) = 3*n - 15. Let s(i) = i - 5. Let w be -7 + (-1 + 1 - 1). Let t(u) = w*s(u) + 3*x(u). Let f be t(0). Determine r(f).
6
Let l = 22 + -17. Suppose 3*i = -6, -b - l*i = 4 + 5. Let o(x) = -4*x. Calculate o(b).
-4
Suppose -2*y + j = -2, -j = -y - 3*j - 4. Let x = -1 + y. Let p(o) = 0 + 1 - 9*o + 3*o. Determine p(x).
7
Let h(t) = 7*t - 1. Let v(x) = -x**3 + x**2 + x. Let k be v(1). Give h(k).
6
Let t(d) = 7*d - 3. Let g(x) = 3*x - 5. Let n(l) = -3*l + 6. Let j(q) = 4*g(q) + 3*n(q). Let u be 1*-1 + 4 - 1. Let k(y) = u*t(y) - 5*j(y). Calculate k(3).
1
Let y(n) = 4*n**2 + 4*n - 1. Let q(w) be the third derivative of w**2 + 0*w + 0 - 1/12*w**5 - 1/6*w**4 + 1/3*w**3. Let l(f) = 5*q(f) + 6*y(f). Calculate l(5).
-1
Let n(i) = 2 - 25*i + 58*i - 32*i. Calculate n(2).
4
Suppose 1 = 13*d - 12*d. Let t(j) = -2 - 2 + 8 + d - j. Suppose 12 = 6*i - 4*i. Calculate t(i).
-1
Suppose -8 = -2*a - 2*a. Suppose a = n - 1. Let o(b) = b**3 - 2*b**2 - b - 4. What is o(n)?
2
Let o = -25 - -25. Let b(y) be the third derivative of -y**5/60 - y**4/24 + 7*y**3/6 - y**2. Determine b(o).
7
Let q(f) be the third derivative of f**4/24 - f**3/3 - 4*f**2. Let u = 15 - 21. Determine q(u).
-8
Let m(y) = y**2 + 6*y + 6. Let a = 5 + -1. Suppose -4*p = -h - 0*p - a, h = 2*p - 4. What is m(h)?
-2
Let z(k) = -k**3 - 7*k**2 - 8*k - 7. Suppose -7*d - 18 = -4*d. Calculate z(d).
5
Suppose -5*v - 12 = -3*v. Let c(f) = f - 1. What is c(v)?
-7
Suppose -4*x + 4*t = -3*x + 10, -17 = -x - 5*t. Let a(n) = 6*n + n**x - n + 4 - 1. Give a(-4).
-1
Suppose 3*j + 5*y - 1 + 9 = 0, 2*j - 2*y = 0. Let a be 1 + (-9)/(-3) + j. Let d(z) = a - 2 + z**2 - 7*z**2. Calculate d(1).
-5
Let x(v) = v**3 - 3*v**2 - 3*v + 3. Suppose 5*r = 3*q - q - 19, 0 = 3*r - 3*q + 15. Let t be ((-2 - -4) + r)*0. Let j be (-2 - 0) + (5 - t). Give x(j).
-6
Let m = -2 - -3. Let s be (-28)/12 - m/(-3). Let c(y) be the first derivative of 3*y**2/2 + 2*y + 1. Calculate c(s).
-4
Let k(d) = -7*d + 5. Let g(b) = 4*b - 3. Let m(y) = -5*g(y) - 3*k(y). Let v be (2/4)/((-5)/40). Let f be -1*(v/2 - -2). Determine m(f).
0
Let s(d) = 2*d - 2*d - d + 4. Let t = 31 - 34. Determine s(t).
7
Let m(w) be the third derivative of 0*w + 0 + 9*w**2 - 5/6*w**3 - 1/12*w**4. Let q(r) = 2*r - 4. Let k be q(4). Determine m(k).
-13
Let h = -16 + 11. Suppose 0 = g - 2*g + 4. Let x(b) = -6*b**2 - 1 + 3*b**2 - 2 + g*b**2 + 6*b. What is x(h)?
-8
Let d = 2 + -1. Let l = 6 - -2. Let y(c) = l - 7 - 1 - c. Give y(d).
-1
Let d(t) = -5*t**3 + 17*t**2 + 11*t - 5. Let i be 4/6*(-60)/8. Let r(z) = -3*z**3 + 11*z**2 + 7*z - 3. Let q(y) = i*d(y) + 8*r(y). Determine q(-3).
-2
Suppose -2*n + 2*y = -10, -5*n + 4*y = -0*n - 24. Let p(u) = u + n*u - 2*u**2 + 2*u**2 + u**2. Calculate p(-6).
6
Let u(a) = a - 3. Let c = 43 + -51. Calculate u(c).
-11
Let y(b) = -8*b + 1. Suppose 0 = 3*x - x - 2. Give y(x).
-7
Let n(j) = -2*j**2 - j. Let k(t) be the first derivative of t**4/4 - 7*t**3/3 + 3*t**2 + t - 3. Let l be k(6). Determine n(l).
-3
Let s(a) = 14*a**3 - 1. Suppose -5*m = -8*m + 12. Let i(q) = q**2 - 3*q - 5. Let c be i(m). What is s(c)?
-15
Let y(m) = 2*m + 8. Let f = 44 - 50. What is y(f)?
-4
Let f = -17 + 11. Let s(u) = 8*u + u**3 + 0*u**3 + 6*u**2 - 7*u. Determine s(f).
-6
Let o(t) = -11*t**2 + t. Let w(x) = x + 14. Let v be w(-9). Suppose -2*g + 6 - 1 = -n, v*g - 11 = n. Suppose -3*s + 5*s = g. Calculate o(s).
-10
Let h(w) be the first derivative of w**4/4 + w**3 + 3*w**2/2 + 3*w - 7. Determine h(-3).
-6
Let l(k) = k**2 + 4*k - 1. Let t(j) = 3*j**2 + 3 + 17*j - 6 + j**2 - 1. Let f(z) = 9*l(z) - 2*t(z). What is f(2)?
7
Let o(y) = y**3 - 2*y**2 - 4*y + 2. Let l = 29 - 26. Give o(l).
-1
Suppose 2*b + 3 + 3 = 0. Let w(i) = -i**2 - i - 3. What is w(b)?
-9
Let h(u) = 3*u**2 + u + 2. Let o be h(-1). Suppose 0 = -3*i - 2*p - 15, o*i - 3*i = -3*p - 5. Let g(k) = -k - 5. What is g(i)?
0
Let w(u) = 5*u - 3. Let r(p) = 3 - 5 + 5 - 2. Let f(s) = 2*r(s) + w(s). Let l(k) = k**3 + 4*k**2 - 4*k + 6. Let q be l(-5). Determine f(q).
4
Suppose -2*j + 4*j + 24 = f, -3*f = j + 19. Let q = j + 8. Let c(i) = -2*i + 2. Determine c(q).
12
Suppose -4*h = 4*r + 4, -5*r + 41 - 1 = -4*h. Let m(j) = -2 + 3*j - r*j + 2*j. Determine m(-4).
-6
Let m(f) = -2*f**2 - 2*f - 3. Suppose -q - 5*b + 16 = q, 2*q = 5*b - 24. Calculate m(q).
-7
Let j(a) = 2*a**3 - 2*a**2 - 2 + 1 - 11*a**3 - 2*a. Let x(k) = k**2 + 2*k - 1. Let i be x(-2). Determine j(i).
8
Suppose 3*r = -r + 20. Suppose -1 = 2*f - 7. Let k = f - r. Let j(g) = g. Determine j(k).
-2
Let m(t) = 9*t**3 - 4*t**2 + t - 4. Let p(f) = 19*f**3 - 9*f**2 + 2*f - 9. Let u(v) = -9*m(v) + 4*p(v). Let a(n) = n + 10. Let g be a(-9). What is u(g)?
-6
Let w(x) = x**2 + 5*x + 5. Let z(p) = p + 1. Let a(h) = -w(h) + 3*z(h). Determine a(-2).
-2
Let n be ((-6)/(-10))/((-1)/(-5)). Let p(o) = n*o + 2 - 3 - 2 - 2*o. Determine p(3).
0
Let c(p) = -p**3 + p. Let s be ((-5)/2 + 1)*(-26 + 24). Give c(s).
-24
Let s(o) = o**2 - 4. Suppose -1 = 2*t + 5. Let i = -6 + 3. Let v = t - i. Give s(v).
-4
Let o(x) = 3 + x**2 + 33*x + 1 - 35*x + x**3. Give o(-3).
-8
Let n(m) = m**3 - 8*m**2 + 6*m. Let t be n(7). Let w = 12 + t. Let h(p) = p**2 - 4*p - 7. What is h(w)?
-2
Let a(c) = -c**3 - 7*c**2 + c + 10. Let q be a(-7). Let y(z) = 6 + 2*z**3 + 5*z**2 - 9*z - z**3 + q*z + 0*z**3. What is y(-6)?
6
Suppose -y - 6 = y. Let x(h) = h**2 + 2*h - 2. Give x(y).
1
Let o(m) = -18 - 22 + 8*m**2 + 52 - 7*m**2 - 22. Let h = -1 - -1. Calculate o(h).
-10
Let i(q) = 3*q**3 + 5*q**2 + 6*q - 11. Let f(h) = -5*h**3 - 10*h**2 - 10*h + 20. Let o(y) = 4*f(y) + 7*i(y). Suppose -2*k + 3*k = 3. What is o(k)?
-9
Let z(t) be the first derivative of -1/6*t**4 - 4 + 0*t**3 + 1/60*t**5 - 1/2*t**2 + 0*t. Let m(h) be the second derivative of z(h). Calculate m(3).
-3
Let l(f) = 3*f + 38. Let z be l(-10). Let m(w) = -w**3 + 7*w**2 + 8*w - 10. Give m(z).
-10
Let i(w) be the first derivative of -2*w**3/3 - w**2 - w + 15. Determine i(-2).
-5
Let w be -1*(0 + -3) + -1. Suppose 3*s = 5 - w. Suppose 2 = -p + s. Let d(n) = 3*n**3 - 1. Calculate d(p).
-4
Let f(q) = 3 - 4*q**2 + 6*q**2 + 0*q**3 - 3*q - 5*q**3 + 6*q**3. Let b be f(-3). Let h(i) = 4*i - 1 - i**2 - 2 + 0*i. What is h(b)?
0
Let s(l) = -2*l. Let k be s(-4). Let y = k - 5. Let a be ((2 - -7)/y)/(-1). Let m(n) = -n + 2. Give m(a).
5
Suppose -2 = 3*o - 17. Let r = 2 - -2. Let d(g) = 2*g**3 + 1 - 3*g**3 + o*g - r*g - 5*g**2. Give d(-5).
-4
Let z be 1/1 - 2/2. Let f(u) = 100 + 0*u - u - 101. Give f(z).
-1
Let j(q) = -12*q**2 + 3*q - 2. Let c(h) = -60*h**2 + 16*h - 11. Let v be ((-8)/6)/(4/(-6)). Let s(p) = v*c(p) - 11*j(p). Calculate s(1).
11
Let l(r) = -7*r + 3*r - 4*r - 1 + 0*r**2 - r**3 - 7*r**2. Give l(-6).
11
Let t be (2 + -2)*(-4)/8. Let j(w) = w**2 - 4. Calculate j(t).
-4
Let y(x) = -x**3 - 9*x**2 - 7*x + 11. Let o be y(-8). Let t(p) = 4*p + p**3 - 10 - 5*p + 6*p**2 + o*p + 5. Give t(-5).
10
Let b(g) = g - 1. Suppose z + 2 - 5 = 0. Suppose -z*r + 4*j = -5 - 9, 5*r - 29 = j. Give b(r).
5
Let m be (4 - 11)/(2/14). Let x be (-1)/2 - m/(-14). Let z(v) = -6*v**2 - 10*v - 6. Let c(q) = -5*q**2 - 9*q - 6. Let b(g) = 5*c(g) - 4*z(g). Determine b(x).
-2
Let m(g) = g**2 - 5*g - 2. Let x be 4/14 - (-15)/21. Let c be x + 3 + -2 + 2. Calculate m(c).
-6
Let c(x) be the first derivative of -9*x**4/4 + x**2/2 + x - 1. Let t(l) = l**3 + 2*l**2 - 5*l - 7. Let f be t(-3). What is c(f)?
9
Let f(y) = -2*y - 3. Let k(m) = m**3 + 9*m**2 + 7*m - 1. Suppose 0 = 5*s + 5*x + 50, -4*s + 7*s - x + 22 = 0. Let h be k(s). Let t = 4 - h. Give f(t).
3
Let o(l) = l + 1. Suppose -2*q - 21 = -5*q. Suppose 2*n = -i - 0*i - 4, n + i + 2 = 0. Let m = n + q. What is o(m)?
6
Let s(m) = 2